{"id":35,"date":"2012-12-14T23:13:56","date_gmt":"2012-12-14T22:13:56","guid":{"rendered":"http:\/\/www.pensionduboisaban.be\/?page_id=35"},"modified":"2024-01-11T17:46:55","modified_gmt":"2024-01-11T16:46:55","slug":"animaux-de-compagnie-tarifs","status":"publish","type":"page","link":"https:\/\/www.pensionduboisaban.be\/?page_id=35","title":{"rendered":"Tarifs"},"content":{"rendered":"\n<p><\/p>\n\n\n<h1><span style=\"text-decoration: underline;\"><strong>TARIFS\u00a0 &#8211; <\/strong>nouveau tarif applicable \u00e0 partir du 20\/09\/2023<br \/><\/span><\/h1>\n<ul>\n<li>Chien 25.00 \u20ac \/ jour. Pour un deuxi\u00e8me chien 12.50\u20ac \/ jour.<\/li>\n<li>suppl\u00e9ment nourriture chien moins de 20kg 1.50\u20ac\/jour<\/li>\n<li>\u00a0suppl\u00e9ment nourriture chien plus de 20kg 2.00\u20ac\/jour.<\/li>\n<li>Chat\u00a0 15.00 \u20ac \/ jour. Pour un deuxi\u00e8me chat 8.00\u20ac \/ jour.<\/li>\n<\/ul>\n<p>Un suppl\u00e9ment de 5.00\u20ac\/jour peut \u00eatre comptabilis\u00e9 en plus du s\u00e9jour pour le chauffage air puls\u00e9 ou lampe chauffante, si n\u00e9cessaire en cas de p\u00e9riode de froid.<\/p>\n<p>A la demande du client, une lampe chauffante en plus de l&rsquo;air puls\u00e9, peut \u00eatre install\u00e9e, moyennant un co\u00fbt de 10.00\u20ac\/jour pour le chauffage.<\/p>\n<p>Un forfait ou une remise pour les s\u00e9jours de longue dur\u00e9es peut \u00eatre n\u00e9goci\u00e9 avant l&rsquo;arriv\u00e9 et accord\u00e9 uniquement par les g\u00e9rants de la pension.<\/p>\n<p><span style=\"text-decoration: underline;\"><strong>CONDITIONS :<\/strong><\/span><\/p>\n<ul>\n<li>\n<h6><strong>Votre compagnon \u00e0 4 pattes doit \u00eatre en r\u00e8gles de vaccination !<\/strong><\/h6>\n<h6><strong>Pour la p\u00e9riode d\u2019incubation, les vaccins doivent \u00eatre fait 1 mois avant son arriv\u00e9e \u00e0 la pension et de moins de 1 an.<\/strong><\/h6>\n<h6><strong>Ceci afin d&rsquo;\u00e9viter dans les zones de jeux, de balade ou dans la cour, toutes excr\u00e9tions pouvant contenir des particules virales dans les selles et pouvant contaminer d&rsquo;autres pensionnaires.<\/strong><\/h6>\n<h6><strong>C&rsquo;est une obligation et votre devoir.<\/strong><\/h6>\n<h6><strong>Nous serons en droit de refuser tout pensionnaire, ne respectant pas ces nouvelles directives, l&rsquo;acompte ne sera pas rembours\u00e9 !<\/strong><br \/><strong>N oubli\u00e9 pas de vermifuger aussi votre compagnon dans les m\u00eames d\u00e9lais.<\/strong><\/h6>\n<\/li>\n<li><strong>Le 1er jour sera factur\u00e9 \u00e0 100% si arriv\u00e9 avant 17h00 et factur\u00e9 \u00e0 50% apr\u00e8s 17h00 + le jour de sortie, sauf si d\u00e9part avant 10h00.<\/strong><\/li>\n<li><strong>Tout s\u00e9jour pour une journ\u00e9e ou pour une nuit, arriv\u00e9 apr\u00e8s 17h00 et d\u00e9part avant 10h00 est factur\u00e9 \u00e0 100%.<\/strong><\/li>\n<li><strong>Tout s\u00e9jour r\u00e9serv\u00e9 et entam\u00e9 est un s\u00e9jour d\u00fb.<\/strong><\/li>\n<li><strong>Acompte de 50% du montant total\u00a0 avant\u00a0 h\u00e9bergement et non remboursable.<\/strong><\/li>\n<li><strong>Ch\u00e8que et cartes bancaires ne sont pas accept\u00e9s.<\/strong><\/li>\n<li><strong>Paiement mobile accept\u00e9.<\/strong><\/li>\n<li><strong>Les friandises, biscuits ou bonbons que vous apport\u00e9s, servent pour toute la collectivit\u00e9 de la pension, sauf demande contraire de votre part.<\/strong><\/li>\n<\/ul>\n<h2><strong><span style=\"text-decoration: underline;\">TARIFS SPECIAUX<br \/><\/span><\/strong><\/h2>\n<ul>\n<li>prise en charge \u00e0 votre domicile pour son arriv\u00e9e : 1 forfait de 25.00 \u20ac + 1.00 \u20ac \/ km aller et retour<\/li>\n<li>retour de votre compagnon \u00e0 votre domicile : 1 forfait de 25.00 \u20ac + 1.00 \u20ac \/ km aller et retour<\/li>\n<li>Prise en charge en cas de force majeur entre 20h00 et 09h00 et les jours f\u00e9ri\u00e9s : 1 forfait de 45.00 \u20ac + 1.00 \u20ac \/ km aller et retour.<\/li>\n<li>Soins et traitement important sur devis.<\/li>\n<li>D\u00e9placement chez le v\u00e9t\u00e9rinaire ou la toiletteuse : 1 forfait de 25.00 \u20ac + 1.00 \u20ac \/ km aller et retour + 25.00\u20ac \/ heure ( si attente sur place ) + frais v\u00e9t\u00e9rinaire ou frais de toilettage.<\/li>\n<\/ul>\n<h1 style=\"text-align: left;\"><span style=\"color: #ff0000;\"><strong>Belfius bank : BE50 0688 8949 8818<\/strong><\/span><\/h1>\n<h1 style=\"text-align: left;\"><span style=\"color: #ff0000;\"><strong>BNP Paribas Fortis : BE31 0015 5245 1755<\/strong><\/span><\/h1><div class=\"fcbkbttn_buttons_block\" id=\"fcbkbttn_left\"><div class=\"fcbkbttn_like \"><fb:like href=\"https:\/\/www.pensionduboisaban.be\/?page_id=35\" action=\"like\" colorscheme=\"light\" layout=\"button_count\"  size=\"small\"><\/fb:like><\/div><\/div>","protected":false},"excerpt":{"rendered":"<p>TARIFS\u00a0 &#8211; nouveau tarif applicable \u00e0 partir du 20\/09\/2023 Chien 25.00 \u20ac \/ jour. Pour un deuxi\u00e8me chien 12.50\u20ac \/ jour. suppl\u00e9ment nourriture chien moins de 20kg 1.50\u20ac\/jour \u00a0suppl\u00e9ment nourriture chien plus de 20kg 2.00\u20ac\/jour. Chat\u00a0 15.00 \u20ac \/ jour. &hellip; <a href=\"https:\/\/www.pensionduboisaban.be\/?page_id=35\">Continuer la lecture <span class=\"meta-nav\">&rarr;<\/span><\/a><\/p>\n","protected":false},"author":2,"featured_media":0,"parent":24,"menu_order":2,"comment_status":"closed","ping_status":"closed","template":"","meta":{"jetpack_post_was_ever_published":false,"footnotes":""},"class_list":["post-35","page","type-page","status-publish","hentry"],"jetpack_sharing_enabled":true,"jetpack_shortlink":"https:\/\/wp.me\/P2YQ24-z","jetpack_likes_enabled":false,"_links":{"self":[{"href":"https:\/\/www.pensionduboisaban.be\/index.php?rest_route=\/wp\/v2\/pages\/35","targetHints":{"allow":["GET"]}}],"collection":[{"href":"https:\/\/www.pensionduboisaban.be\/index.php?rest_route=\/wp\/v2\/pages"}],"about":[{"href":"https:\/\/www.pensionduboisaban.be\/index.php?rest_route=\/wp\/v2\/types\/page"}],"author":[{"embeddable":true,"href":"https:\/\/www.pensionduboisaban.be\/index.php?rest_route=\/wp\/v2\/users\/2"}],"replies":[{"embeddable":true,"href":"https:\/\/www.pensionduboisaban.be\/index.php?rest_route=%2Fwp%2Fv2%2Fcomments&post=35"}],"version-history":[{"count":39,"href":"https:\/\/www.pensionduboisaban.be\/index.php?rest_route=\/wp\/v2\/pages\/35\/revisions"}],"predecessor-version":[{"id":1284,"href":"https:\/\/www.pensionduboisaban.be\/index.php?rest_route=\/wp\/v2\/pages\/35\/revisions\/1284"}],"up":[{"embeddable":true,"href":"https:\/\/www.pensionduboisaban.be\/index.php?rest_route=\/wp\/v2\/pages\/24"}],"wp:attachment":[{"href":"https:\/\/www.pensionduboisaban.be\/index.php?rest_route=%2Fwp%2Fv2%2Fmedia&parent=35"}],"curies":[{"name":"wp","href":"https:\/\/api.w.org\/{rel}","templated":true}]}}