{"id":1131,"date":"2020-03-15T12:09:22","date_gmt":"2020-03-15T11:09:22","guid":{"rendered":"https:\/\/www.pensionduboisaban.be\/?page_id=1131"},"modified":"2024-01-11T17:45:32","modified_gmt":"2024-01-11T16:45:32","slug":"conditions","status":"publish","type":"page","link":"https:\/\/www.pensionduboisaban.be\/?page_id=1131","title":{"rendered":"Conditions g\u00e9n\u00e9rales"},"content":{"rendered":"\n<p><strong>CONDITION GENERALES<\/strong><\/p>\n\n\n\n<p>&#8211; Ne sont admis que les animaux identifi\u00e9s et \u00e0 jour de vaccination (datant de plus de 1 mois et de moins d\u2019un an).<\/p>\n\n\n\n<p>-Le carnet de sant\u00e9 et les papiers d\u2019identification devront \u00eatre remis \u00e0 la pension durant le s\u00e9jour<\/p>\n\n\n\n<p>-Le 1er jour sera factur\u00e9 \u00e0 100% si arriv\u00e9 avant 17h00 et factur\u00e9 \u00e0 50% apr\u00e8s 17h00 + le jour de sortie, sauf si d\u00e9part avant 10h00.<\/p>\n\n\n\n<p>-Tout s\u00e9jour pour une journ\u00e9e ou pour une nuit, arriv\u00e9 apr\u00e8s 17h00 et d\u00e9part avant 10h00 est factur\u00e9 \u00e0 100%.<\/p>\n\n\n\n<p>-Tout s\u00e9jour r\u00e9serv\u00e9 et\nentam\u00e9 est un s\u00e9jour d\u00fb.<\/p>\n\n\n\n<p>-Un acompte de 50% du montant total sera demand\u00e9 avant l\u2019h\u00e9bergement et non remboursable. <\/p>\n\n\n\n<h1 class=\"wp-block-heading\">Belfius bank : BE50 0688 8949 8818<\/h1>\n\n\n\n<h1 class=\"wp-block-heading\">BNP Paribas Fortis : BE31 0015 5245 1755<\/h1>\n\n\n\n<p>-D\u00e9part\nuniquement sur rendez-vous, tous\nles jours sauf dimanches et jours f\u00e9ri\u00e9s.<\/p>\n\n\n\n<p>-Ch\u00e8que et carte ne sont pas accept\u00e9s.<\/p>\n\n\n\n<p>-Paiement mobile accept\u00e9.<\/p>\n\n\n\n<p>-Les friandises, biscuits ou bonbons que vous apport\u00e9s, servent pour toute la collectivit\u00e9 de la pension, sauf demande contraire de votre part.<\/p>\n\n\n\n<p>-Un suppl\u00e9ment de 5.00\u20ac\/jour peut \u00eatre comptabilis\u00e9 en plus du s\u00e9jour pour le chauffage air puls\u00e9 ou lampe chauffante si n\u00e9cessaire en cas de p\u00e9riode de froid.<\/p>\n\n\n\n<p>-A la demande du client, une lampe chauffante en plus de l&rsquo;air puls\u00e9, peut \u00eatre install\u00e9e, moyennant un co\u00fbt de 10.00\u20ac\/jour pour le chauffage.<\/p>\n\n\n\n<p>-Un forfait ou une remise pour les s\u00e9jours de longue dur\u00e9es peut \u00eatre n\u00e9goci\u00e9 avant l\u2019arriv\u00e9 et accord\u00e9 uniquement par les g\u00e9rants de la pension.<\/p>\n\n\n\n<p>-Dans le cas d\u2019une\nintervention du v\u00e9t\u00e9rinaire pour des soins particuliers, hospitalisation,\nradio, analyses diverses, vaccins, m\u00e9dicaments, celle-ci reste \u00e0 charge du\npropri\u00e9taire, sauf dans le cas o\u00f9 le praticien mettrait en cause la n\u00e9gligence\nde la pension. S\u2019il est constat\u00e9 un \u00e9tat parasitaire ou une maladie contagieuse\npr\u00e9judiciable \u00e0 la bonne hygi\u00e8ne de la pension, l\u2019animal subira les soins\nn\u00e9cessaires au frais de son propri\u00e9taire, ainsi que tous les frais li\u00e9s pour la\nd\u00e9sinfection des parcs.<\/p>\n\n\n\n<p>En cas de d\u00e9c\u00e8s de l\u2019animal pendant le s\u00e9jour, il sera pratiqu\u00e9 une autopsie qui d\u00e9terminera les causes du d\u00e9c\u00e8s. Un compte rendu sera \u00e9tabli par le v\u00e9t\u00e9rinaire et une attestation sera d\u00e9livr\u00e9e aux propri\u00e9taires, ceci \u00e0 leurs frais. <\/p>\n\n\n\n<p>-La pension s&rsquo;occupe\ndes animaux en \u00ab bon p\u00e8re de famille \u00bb, elle ne peut en aucun cas \u00eatre tenue\npour responsable de la destruction d\u2019un objet personnel, ni de la mort\naccidentelle d\u2019un pensionnaire, de plaie de l\u00e9chage ou ingestion de corps\n\u00e9tranger<\/p>\n\n\n\n<p>-Les propri\u00e9taires confient leur animal en connaissant la hauteur des grilles 1m90 et des cl\u00f4tures d&rsquo;une hauteur de 1.60m, en cons\u00e9quence de quoi en cas de fugue de l\u2019animal, la responsabilit\u00e9 de la pension ne peut pas \u00eatre envisag\u00e9e.<\/p>\n\n\n\n<p>-Tout\nanimal non repris 15 jours apr\u00e8s la date de d\u00e9part pr\u00e9vue, sera consid\u00e9r\u00e9 comme\nabandonn\u00e9. <\/p>\n\n\n\n<p>Le\npropri\u00e9taire s\u2019expose \u00e0 des poursuites judiciaires et la pension se r\u00e9serve le\ndroit de placer l&rsquo;animal en refuge au frais du propri\u00e9taire.<\/p>\n\n\n\n<p>-Le propri\u00e9taire, qui\ndoit \u00eatre assur\u00e9 en responsabilit\u00e9 civile pour son animal, reste responsable de\ntous les dommages \u00e9ventuels caus\u00e9s par son animal pendant son s\u00e9jour en pension\nsauf faute grave reconnue imputable au chenil. <\/p>\n\n\n\n<p>La mise en pension n\u2019a\npas pour effet un transfert pur et simple de responsabilit\u00e9.<\/p>\n\n\n\n<p>-Pour tout s\u00e9jour de dur\u00e9e inconnue (pour hospitalisation\nou autre&#8230;), le propri\u00e9taire, un membre de sa famille ou un tuteur s&rsquo;engage \u00e0\nr\u00e9gler les frais de garde au moins une fois par mois et \u00e0 prendre r\u00e9guli\u00e8rement\ndes nouvelles de l&rsquo;animal. <\/p>\n\n\n\n<h5 class=\"wp-block-heading\">-Les femelles en chaleurs ne\nsont pas accept\u00e9es.<\/h5>\n\n\n\n<p>-La pension se r\u00e9serve le droit de\nrefuser de prendre ou de garder un chien qui pr\u00e9senterait\nun quelconque risque pour lui-m\u00eame ou pour les autres pensionnaires, est mal\nentretenu, pathologie grave, cardiaque, malade ou contagieux, aurait un comportement\ncraintif ou agressif, aboiement intempestif.<\/p>\n\n\n\n<p><strong>&#8211;<\/strong>Seuls les tribunaux et les cours de l&rsquo;arrondissement\njudiciaire de Neufch\u00e2teau (C.P. 6840) sont comp\u00e9tents en cas de litige.<\/p>\n\n\n\n<p>&#8211; En soumettant ce formulaire, j\u2019accepte que les informations saisies soient exploit\u00e9es dans le cadre de ma demande et de la relation commerciale qui peut en d\u00e9couler.<\/p>\n\n\n\n<h4 class=\"wp-block-heading\"><\/h4>\n<div class=\"fcbkbttn_buttons_block\" id=\"fcbkbttn_left\"><div class=\"fcbkbttn_like \"><fb:like href=\"https:\/\/www.pensionduboisaban.be\/?page_id=1131\" action=\"like\" colorscheme=\"light\" layout=\"button_count\"  size=\"small\"><\/fb:like><\/div><\/div>","protected":false},"excerpt":{"rendered":"<p>CONDITION GENERALES &#8211; Ne sont admis que les animaux identifi\u00e9s et \u00e0 jour de vaccination (datant de plus de 1 mois et de moins d\u2019un an). -Le carnet de sant\u00e9 et les papiers d\u2019identification devront \u00eatre remis \u00e0 la pension &hellip; <a href=\"https:\/\/www.pensionduboisaban.be\/?page_id=1131\">Continuer la lecture <span class=\"meta-nav\">&rarr;<\/span><\/a><\/p>\n","protected":false},"author":1,"featured_media":0,"parent":1149,"menu_order":2,"comment_status":"closed","ping_status":"closed","template":"","meta":{"jetpack_post_was_ever_published":false,"footnotes":""},"class_list":["post-1131","page","type-page","status-publish","hentry"],"jetpack_sharing_enabled":true,"jetpack_shortlink":"https:\/\/wp.me\/P2YQ24-if","jetpack_likes_enabled":false,"_links":{"self":[{"href":"https:\/\/www.pensionduboisaban.be\/index.php?rest_route=\/wp\/v2\/pages\/1131","targetHints":{"allow":["GET"]}}],"collection":[{"href":"https:\/\/www.pensionduboisaban.be\/index.php?rest_route=\/wp\/v2\/pages"}],"about":[{"href":"https:\/\/www.pensionduboisaban.be\/index.php?rest_route=\/wp\/v2\/types\/page"}],"author":[{"embeddable":true,"href":"https:\/\/www.pensionduboisaban.be\/index.php?rest_route=\/wp\/v2\/users\/1"}],"replies":[{"embeddable":true,"href":"https:\/\/www.pensionduboisaban.be\/index.php?rest_route=%2Fwp%2Fv2%2Fcomments&post=1131"}],"version-history":[{"count":9,"href":"https:\/\/www.pensionduboisaban.be\/index.php?rest_route=\/wp\/v2\/pages\/1131\/revisions"}],"predecessor-version":[{"id":1282,"href":"https:\/\/www.pensionduboisaban.be\/index.php?rest_route=\/wp\/v2\/pages\/1131\/revisions\/1282"}],"up":[{"embeddable":true,"href":"https:\/\/www.pensionduboisaban.be\/index.php?rest_route=\/wp\/v2\/pages\/1149"}],"wp:attachment":[{"href":"https:\/\/www.pensionduboisaban.be\/index.php?rest_route=%2Fwp%2Fv2%2Fmedia&parent=1131"}],"curies":[{"name":"wp","href":"https:\/\/api.w.org\/{rel}","templated":true}]}}